 of 104155475.
5, 4166219
List the prime factors of 5766427.
109, 52903
What are the prime factors of 61966028?
2, 2843, 5449
List the prime factors of 484960177.
13, 41, 401, 2269
What are the prime factors of 253257122?
2, 173, 731957
What are the prime factors of 600714057?
3, 17, 11778707
What are the prime factors of 28251650?
2, 5, 7, 53, 1523
What are the prime factors of 112432562?
2, 11, 941, 5431
What are the prime factors of 29185508?
2, 11, 31, 21397
What are the prime factors of 122351911?
11, 593, 18757
List the prime factors of 960203264.
2, 23, 67, 1217
List the prime factors of 21691526.
2, 313, 34651
List the prime factors of 4269958086.
2, 3, 29, 24539989
List the prime factors of 7243368.
2, 3, 11, 27437
What are the prime factors of 35726049?
3, 1323187
List the prime factors of 4074736885.
5, 17, 137, 349913
List the prime factors of 239019969.
3, 127, 627349
List the prime factors of 403153409.
403153409
What are the prime factors of 35064392?
2, 11, 398459
What are the prime factors of 49572349?
19, 2609071
What are the prime factors of 59786021?
47, 1272043
List the prime factors of 814336155.
3, 5, 18096359
List the prime factors of 106424984.
2, 31, 109, 127
What are the prime factors of 22246372?
2, 5561593
What are the prime factors of 328856685?
3, 5, 21923779
List the prime factors of 455956230.
2, 3, 5, 211, 72031
List the prime factors of 477536291.
19, 25133489
List the prime factors of 2045989897.
7, 11243, 25997
List the prime factors of 311660475.
3, 5, 7, 41, 14479
What are the prime factors of 377570314?
2, 11, 29, 20407
What are the prime factors of 38285012?
2, 131, 73063
What are the prime factors of 1184377620?
2, 3, 5, 1861, 10607
List the prime factors of 6763594.
2, 577, 5861
List the prime factors of 32069866.
2, 23, 149, 4679
List the prime factors of 20601827.
2857, 7211
What are the prime factors of 351604388?
2, 1559, 56383
List the prime factors of 359192527.
1621, 221587
List the prime factors of 3684511677.
3, 7, 11, 17, 938251
What are the prime factors of 85241685?
3, 5, 5682779
What are the prime factors of 457973199?
3, 31, 52951
What are the prime factors of 44189544?
2, 3, 7, 37, 7109
List the prime factors of 58419481.
58419481
List the prime factors of 124843681.
5233, 23857
List the prime factors of 443449165.
5, 17, 5217049
What are the prime factors of 1650370237?
37, 44604601
What are the prime factors of 304796326?
2, 71, 509, 4217
What are the prime factors of 364886395?
5, 71, 269, 3821
List the prime factors of 134220643.
134220643
List the prime factors of 721316054.
2, 360658027
What are the prime factors of 22533701?
853, 26417
List the prime factors of 16478934.
2, 3, 1487, 1847
List the prime factors of 73647735.
3, 5, 7, 97, 1033
What are the prime factors of 27780949?
7, 587, 6761
What are the prime factors of 553566987?
3, 47, 179, 2437
List the prime factors of 7614462.
2, 3, 1269077
List the prime factors of 923626071.
3, 53, 61, 3527
List the prime factors of 29050942.
2, 14525471
List the prime factors of 354803465.
5, 53, 1338881
What are the prime factors of 2338881103?
13, 2683, 67057
What are the prime factors of 295092474?
2, 3, 49182079
What are the prime factors of 130490473?
67, 1947619
What are the prime factors of 167512081?
11, 761, 20011
What are the prime factors of 381812890?
2, 5, 38181289
List the prime factors of 614222604.
2, 3, 1123, 15193
What are the prime factors of 55437245?
5, 23, 239, 2017
List the prime factors of 1705663878.
2, 3, 41, 79, 87767
List the prime factors of 64669232.
2, 4041827
What are the prime factors of 181671404?
2, 6089, 7459
List the prime factors of 69517576.
2, 59, 147283
What are the prime factors of 125647334?
2, 62823667
What are the prime factors of 1856547007?
7, 265221001
List the prime factors of 23843178.
2, 3, 1324621
What are the prime factors of 632036298?
2, 3, 105339383
What are the prime factors of 53085875?
5, 424687
What are the prime factors of 3829351912?
2, 478668989
List the prime factors of 106765275.
3, 5, 19, 74923
What are the prime factors of 250545236?
2, 229, 273521
List the prime factors of 2944923853.
53, 55564601
List the prime factors of 79125575.
5, 3165023
List the prime factors of 16832028.
2, 3, 113, 12413
What are the prime factors of 144405693?
3, 71, 75329
List the prime factors of 195570270.
2, 3, 5, 7, 61, 727
What are the prime factors of 83022292?
2, 20755573
What are the prime factors of 8717903408?
2, 544868963
What are the prime factors of 83872389?
3, 27957463
List the prime factors of 6578511210.
2, 3, 5, 59, 137, 9043
List the prime factors of 244603104.
2, 3, 2547949
List the prime factors of 1769232569.
13, 167, 814939
List the prime factors of 30895116.
2, 3, 7, 197, 1867
List the prime factors of 338556958.
2, 169278479
List the prime factors of 258996139.
17, 41, 371587
What are the prime factors of 2140098085?
5, 151, 2834567
List the prime factors of 11768984.
2, 1471123
List the prime factors of 281214572.
2, 41, 1714723
List the prime factors of 23515565.
5, 1291, 3643
What are the prime factors of 49201430?
2, 5, 569, 8647
What are the prime factors of 2201704854?
2, 3, 23, 15954383
List the prime factors of 22323026.
2, 11, 47, 21589
List the prime factors of 119231102.
2, 59615551
What are the prime factors of 10009329?
3, 11, 303313
What are the prime factors of 4826837955?
3, 5, 41, 229, 34273
What are the prime factors of 224409991?
13, 43, 157, 2557
What are the prime factors of 4649993?
17, 523
List the prime factors of 521960375.
5, 4175683
List the prime factors of 122744090.
2, 5, 7, 71, 24697
What are the prime factors of 1681878663?
3, 17, 10992671
What are the prime factors of 259499374?
2, 129749687
What are the prime factors of 101424233?
2833, 35801
List the prime factors of 66960385.
5, 193, 69389
What are the prime factors of 526253?
7, 13, 5783
What are the prime factors of 43347846?
2, 3, 7224641
List the prime factors of 704717383.
704717383
What are the prime factors of 2708303260?
2, 5, 13, 1499, 6949
What are the prime factors of 239137014?
2, 3, 373, 106853
List the prime factors of 24248937.
3, 1361, 5939
List the prime factors of 43209417.
3, 59, 244121
List the prime factors of 140815334.
2, 11, 6400697
List the prime factors of 3213971784.
2, 3, 4959833
What are the prime factors of 2299298?
2, 313, 3673
What are the prime factors of 16880630?
2, 5, 13, 89, 1459
What are the prime factors of 106503958?
2, 11, 40009
List the prime factors of 514896562.
2, 47, 79, 69337
What are the prime factors of 1281766218?
2, 3, 23, 151, 61511
What are the prime factors of 888858882?
2, 3, 49381049
List the prime factors of 33937263.
3, 3770807
What are the prime factors of 318431986?
2, 73, 1399, 1559
List the prime factors of 764372634.
2, 3, 73, 1745143
List the prime factors of 2011258.
2, 23, 1901
List the prime factors of 1301606781.
3, 433868927
List the prime factors of 70429766.
2, 11, 757, 4229
List the prime factors of 5167549.
5167549
List the prime factors of 3242214359.
19, 41, 4162021
What are the prime factors of 172214156?
2, 23, 59, 31727
List the prime factors of 535197918.
2, 3, 359, 419, 593
List the prime factors of 54342082.
2, 27171041
List the prime factors of 16752179.
379, 44201
List the prime factors of 895013143.
895013143
List the prime factors of 16538605.
5, 3307721
List the prime factors of 36747303.
3, 857, 14293
What are the prime factors of 119120010?
2, 3, 5, 881, 4507
What are the prime factors of 78273377?
7, 13, 47, 18301
What are the prime factors of 51070515?
3, 5, 509, 6689
List the prime factors of 2878371572.
2, 3607, 199499
What are the prime factors of 5671276285?
5, 1109, 1022773
List the prime factors of 515123733.
3, 171707911
List the prime factors of 3473264829.
3, 2699, 428957
What are the prime factors of 30814252?
2, 7, 1100509
List the prime factors of 356625225.
3, 5, 11, 89, 1619
List the prime factors of 1131213118.
2, 7, 109, 105899
List the prime factors of 437142871.
11, 887, 4073
List the prime factors of 491968483.
241, 2041363
What are the prime factors of 282499244?
2, 547, 129113
What are the prime factors of 535772?
2, 17, 7879
What are the prime factors of 406760695?
5, 